{"id":4115,"date":"2026-02-10T09:16:07","date_gmt":"2026-02-10T08:16:07","guid":{"rendered":"https:\/\/fojo.se\/verify\/?page_id=4115"},"modified":"2026-02-10T13:22:40","modified_gmt":"2026-02-10T12:22:40","slug":"vera","status":"publish","type":"page","link":"https:\/\/fojo.se\/verify\/vera\/","title":{"rendered":"Vera"},"content":{"rendered":"\t\t<div data-elementor-type=\"wp-page\" data-elementor-id=\"4115\" class=\"elementor elementor-4115\" data-elementor-post-type=\"page\">\n\t\t\t\t<div class=\"elementor-element elementor-element-41db9420 e-flex e-con-boxed e-con e-parent\" data-id=\"41db9420\" data-element_type=\"container\" data-e-type=\"container\" data-settings=\"{&quot;background_background&quot;:&quot;classic&quot;}\">\n\t\t\t\t\t<div class=\"e-con-inner\">\n\t\t\t\t<div class=\"elementor-element elementor-element-5902e966 elementor-widget elementor-widget-heading\" data-id=\"5902e966\" data-element_type=\"widget\" data-e-type=\"widget\" data-widget_type=\"heading.default\">\n\t\t\t\t<div class=\"elementor-widget-container\">\n\t\t\t\t\t<h1 class=\"elementor-heading-title elementor-size-default\">Fr\u00e5ga Vera!<\/h1>\t\t\t\t<\/div>\n\t\t\t\t<\/div>\n\t\t\t\t\t<\/div>\n\t\t\t\t<\/div>\n\t\t<div class=\"elementor-element elementor-element-c419e31 e-flex e-con-boxed e-con e-parent\" data-id=\"c419e31\" data-element_type=\"container\" data-e-type=\"container\">\n\t\t\t\t\t<div class=\"e-con-inner\">\n\t\t\t\t<div class=\"elementor-element elementor-element-7c0f2b3b elementor-widget elementor-widget-heading\" data-id=\"7c0f2b3b\" data-element_type=\"widget\" data-e-type=\"widget\" data-widget_type=\"heading.default\">\n\t\t\t\t<div class=\"elementor-widget-container\">\n\t\t\t\t\t<h2 class=\"elementor-heading-title elementor-size-default\">Vera \u00e4r ett AI-verktyg d\u00e4r du kan st\u00e4lla fr\u00e5gor om faktagranskningar och desinformation. Boten bygger sin kunskap p\u00e5 inneh\u00e5llet fr\u00e5n den h\u00e4r sajten, samt fr\u00e5n alla v\u00e5ra nyhetsbrev. <\/h2>\t\t\t\t<\/div>\n\t\t\t\t<\/div>\n\t\t\t\t<div class=\"elementor-element elementor-element-4ea73c4 elementor-widget elementor-widget-heading\" data-id=\"4ea73c4\" data-element_type=\"widget\" data-e-type=\"widget\" data-widget_type=\"heading.default\">\n\t\t\t\t<div class=\"elementor-widget-container\">\n\t\t\t\t\t<h3 class=\"elementor-heading-title elementor-size-default\">Just nu finns det <strong><span id=\"fojo-article-count\">...<\/span> artiklar<\/strong>,\n<strong><span id=\"fojo-page-count\">...<\/span> sidor<\/strong> och\n<strong><span id=\"fojo-newsletter-count\">...<\/span> nyhetsbrev<\/strong> i v\u00e5r databas,\nvilket ger totalt <strong><span id=\"fojo-chunk-count\">...<\/span> s\u00f6kbara segment<\/strong>.<\/h3>\t\t\t\t<\/div>\n\t\t\t\t<\/div>\n\t\t\t\t<div class=\"elementor-element elementor-element-208491f elementor-widget-divider--view-line elementor-widget elementor-widget-divider\" data-id=\"208491f\" data-element_type=\"widget\" data-e-type=\"widget\" data-widget_type=\"divider.default\">\n\t\t\t\t<div class=\"elementor-widget-container\">\n\t\t\t\t\t\t\t<div class=\"elementor-divider\">\n\t\t\t<span class=\"elementor-divider-separator\">\n\t\t\t\t\t\t<\/span>\n\t\t<\/div>\n\t\t\t\t\t\t<\/div>\n\t\t\t\t<\/div>\n\t\t\t\t<div class=\"elementor-element elementor-element-d8355ee elementor-widget elementor-widget-html\" data-id=\"d8355ee\" data-element_type=\"widget\" data-e-type=\"widget\" data-widget_type=\"html.default\">\n\t\t\t\t<div class=\"elementor-widget-container\">\n\t\t\t\t\t<iframe\n  id=\"fojo-search\"\n  src=\"https:\/\/fojo-verify.lovable.app\/search-embed\"\n  style=\"width:100%; min-height:80px; border:none;\"\n><\/iframe>\n<script>\nwindow.addEventListener('message', function(e) {\n  if (e.data && e.data.type === 'fojo-search-resize') {\n    document.getElementById('fojo-search').style.height = e.data.height + 'px';\n  }\n});\n<\/script>\t\t\t\t<\/div>\n\t\t\t\t<\/div>\n\t\t\t\t\t<\/div>\n\t\t\t\t<\/div>\n\t\t\t\t<\/div>\n\t\t","protected":false},"excerpt":{"rendered":"<p>Fr\u00e5ga Vera! Vera \u00e4r ett AI-verktyg d\u00e4r du kan st\u00e4lla fr\u00e5gor om faktagranskningar och desinformation. Boten bygger sin kunskap p\u00e5 inneh\u00e5llet fr\u00e5n den h\u00e4r sajten, samt fr\u00e5n alla v\u00e5ra nyhetsbrev. Just nu finns det &#8230; artiklar, &#8230; sidor och &#8230; nyhetsbrev i v\u00e5r databas, vilket ger totalt &#8230; s\u00f6kbara segment.<\/p>\n","protected":false},"author":2,"featured_media":4141,"parent":0,"menu_order":2,"comment_status":"closed","ping_status":"closed","template":"","meta":{"_monsterinsights_skip_tracking":false,"_monsterinsights_sitenote_active":false,"_monsterinsights_sitenote_note":"","_monsterinsights_sitenote_category":0,"footnotes":""},"class_list":["post-4115","page","type-page","status-publish","has-post-thumbnail","hentry"],"_links":{"self":[{"href":"https:\/\/fojo.se\/verify\/wp-json\/wp\/v2\/pages\/4115","targetHints":{"allow":["GET"]}}],"collection":[{"href":"https:\/\/fojo.se\/verify\/wp-json\/wp\/v2\/pages"}],"about":[{"href":"https:\/\/fojo.se\/verify\/wp-json\/wp\/v2\/types\/page"}],"author":[{"embeddable":true,"href":"https:\/\/fojo.se\/verify\/wp-json\/wp\/v2\/users\/2"}],"replies":[{"embeddable":true,"href":"https:\/\/fojo.se\/verify\/wp-json\/wp\/v2\/comments?post=4115"}],"version-history":[{"count":40,"href":"https:\/\/fojo.se\/verify\/wp-json\/wp\/v2\/pages\/4115\/revisions"}],"predecessor-version":[{"id":4162,"href":"https:\/\/fojo.se\/verify\/wp-json\/wp\/v2\/pages\/4115\/revisions\/4162"}],"wp:featuredmedia":[{"embeddable":true,"href":"https:\/\/fojo.se\/verify\/wp-json\/wp\/v2\/media\/4141"}],"wp:attachment":[{"href":"https:\/\/fojo.se\/verify\/wp-json\/wp\/v2\/media?parent=4115"}],"curies":[{"name":"wp","href":"https:\/\/api.w.org\/{rel}","templated":true}]}}