{"id":104,"date":"2023-10-26T17:05:18","date_gmt":"2023-10-26T15:05:18","guid":{"rendered":"https:\/\/fojo.se\/nykollega\/?page_id=104"},"modified":"2025-09-16T11:48:30","modified_gmt":"2025-09-16T09:48:30","slug":"informationstraff","status":"publish","type":"page","link":"https:\/\/fojo.se\/nykollega\/informationstraff\/","title":{"rendered":"Informationstr\u00e4ff"},"content":{"rendered":"\t\t<div data-elementor-type=\"wp-page\" data-elementor-id=\"104\" class=\"elementor elementor-104\" data-elementor-post-type=\"page\">\n\t\t\t\t<div class=\"elementor-element elementor-element-b19d982 e-flex e-con-boxed e-con e-parent\" data-id=\"b19d982\" data-element_type=\"container\" data-e-type=\"container\" data-settings=\"{&quot;background_background&quot;:&quot;gradient&quot;}\">\n\t\t\t\t\t<div class=\"e-con-inner\">\n\t\t\t\t<div class=\"elementor-element elementor-element-613e8c0 elementor-hidden-mobile elementor-widget elementor-widget-heading\" data-id=\"613e8c0\" data-element_type=\"widget\" data-e-type=\"widget\" data-widget_type=\"heading.default\">\n\t\t\t\t<div class=\"elementor-widget-container\">\n\t\t\t\t\t<h1 class=\"elementor-heading-title elementor-size-default\">Informationstr\u00e4ffar<\/h1>\t\t\t\t<\/div>\n\t\t\t\t<\/div>\n\t\t\t\t<div class=\"elementor-element elementor-element-5133ddf elementor-hidden-desktop elementor-hidden-laptop elementor-hidden-tablet elementor-widget elementor-widget-heading\" data-id=\"5133ddf\" data-element_type=\"widget\" data-e-type=\"widget\" data-widget_type=\"heading.default\">\n\t\t\t\t<div class=\"elementor-widget-container\">\n\t\t\t\t\t<h1 class=\"elementor-heading-title elementor-size-default\">Informations-tr\u00e4ffar<\/h1>\t\t\t\t<\/div>\n\t\t\t\t<\/div>\n\t\t\t\t\t<\/div>\n\t\t\t\t<\/div>\n\t\t<div class=\"elementor-element elementor-element-5a4542e e-flex e-con-boxed e-con e-parent\" data-id=\"5a4542e\" data-element_type=\"container\" data-e-type=\"container\">\n\t\t\t\t\t<div class=\"e-con-inner\">\n\t\t\t\t<div class=\"elementor-element elementor-element-45e8b27 elementor-widget elementor-widget-heading\" data-id=\"45e8b27\" data-element_type=\"widget\" data-e-type=\"widget\" data-widget_type=\"heading.default\">\n\t\t\t\t<div class=\"elementor-widget-container\">\n\t\t\t\t\t<h6 class=\"elementor-heading-title elementor-size-default\">Ans\u00f6kan till \u00e5rets omg\u00e5ng av Ny Kollega \u00e4r nu \u00f6ppen<\/h6>\t\t\t\t<\/div>\n\t\t\t\t<\/div>\n\t\t\t\t<div class=\"elementor-element elementor-element-f60f85d elementor-widget elementor-widget-image\" data-id=\"f60f85d\" data-element_type=\"widget\" data-e-type=\"widget\" data-widget_type=\"image.default\">\n\t\t\t\t<div class=\"elementor-widget-container\">\n\t\t\t\t\t\t\t\t\t\t\t\t\t\t\t<img fetchpriority=\"high\" decoding=\"async\" width=\"1920\" height=\"1280\" src=\"https:\/\/fojo.se\/nykollega\/wp-content\/uploads\/sites\/4\/2024\/07\/infotraff.webp\" class=\"attachment-full size-full wp-image-24491\" alt=\"\" srcset=\"https:\/\/fojo.se\/nykollega\/wp-content\/uploads\/sites\/4\/2024\/07\/infotraff.webp 1920w, https:\/\/fojo.se\/nykollega\/wp-content\/uploads\/sites\/4\/2024\/07\/infotraff-300x200.webp 300w, https:\/\/fojo.se\/nykollega\/wp-content\/uploads\/sites\/4\/2024\/07\/infotraff-1024x683.webp 1024w, https:\/\/fojo.se\/nykollega\/wp-content\/uploads\/sites\/4\/2024\/07\/infotraff-768x512.webp 768w, https:\/\/fojo.se\/nykollega\/wp-content\/uploads\/sites\/4\/2024\/07\/infotraff-1536x1024.webp 1536w\" sizes=\"(max-width: 1920px) 100vw, 1920px\" \/>\t\t\t\t\t\t\t\t\t\t\t\t\t\t\t<\/div>\n\t\t\t\t<\/div>\n\t\t\t\t<div class=\"elementor-element elementor-element-76a8a7a elementor-widget elementor-widget-text-editor\" data-id=\"76a8a7a\" data-element_type=\"widget\" data-e-type=\"widget\" data-widget_type=\"text-editor.default\">\n\t\t\t\t<div class=\"elementor-widget-container\">\n\t\t\t\t\t\t\t\t\t<p>Datum f\u00f6r informationstr\u00e4ffar inf\u00f6r \u00e5rets omg\u00e5ng av Ny Kollega har nu passerat. V\u00e4lkommen att l\u00e4sa mer i fliken <a href=\"https:\/\/fojo.se\/nykollega\/fragor-svar\/\">Fr\u00e5gor och svar.<\/a><\/p><p>Du kan ocks\u00e5 kontakta projektsamordnare <a href=\"#mailto:sara.karlen@lnu.se\">Sara.Karlen@lnu.se<\/a> direkt f\u00f6r att f\u00e5 svar p\u00e5 dina fr\u00e5gor.\u00a0<\/p>\t\t\t\t\t\t\t\t<\/div>\n\t\t\t\t<\/div>\n\t\t\t\t<div class=\"elementor-element elementor-element-9b3a472 elementor-align-center elementor-widget elementor-widget-button\" data-id=\"9b3a472\" data-element_type=\"widget\" data-e-type=\"widget\" data-widget_type=\"button.default\">\n\t\t\t\t<div class=\"elementor-widget-container\">\n\t\t\t\t\t\t\t\t\t<div class=\"elementor-button-wrapper\">\n\t\t\t\t\t<a class=\"elementor-button elementor-button-link elementor-size-sm\" href=\"https:\/\/fojo.se\/nykollega\/ansokan\/\">\n\t\t\t\t\t\t<span class=\"elementor-button-content-wrapper\">\n\t\t\t\t\t\t\t\t\t<span class=\"elementor-button-text\">Till ans\u00f6kan<\/span>\n\t\t\t\t\t<\/span>\n\t\t\t\t\t<\/a>\n\t\t\t\t<\/div>\n\t\t\t\t\t\t\t\t<\/div>\n\t\t\t\t<\/div>\n\t\t\t\t\t<\/div>\n\t\t\t\t<\/div>\n\t\t<div class=\"elementor-element elementor-element-4d0c13d elementor-hidden-desktop elementor-hidden-laptop elementor-hidden-tablet elementor-hidden-mobile e-flex e-con-boxed e-con e-parent\" data-id=\"4d0c13d\" data-element_type=\"container\" data-e-type=\"container\">\n\t\t\t\t\t<div class=\"e-con-inner\">\n\t\t\t\t<div class=\"elementor-element elementor-element-eaa1c1d elementor-widget elementor-widget-heading\" data-id=\"eaa1c1d\" data-element_type=\"widget\" data-e-type=\"widget\" data-widget_type=\"heading.default\">\n\t\t\t\t<div class=\"elementor-widget-container\">\n\t\t\t\t\t<h6 class=\"elementor-heading-title elementor-size-default\">Ans\u00f6kan till \u00e5rets omg\u00e5ng av Ny Kollega \u00e4r nu \u00f6ppen<\/h6>\t\t\t\t<\/div>\n\t\t\t\t<\/div>\n\t\t\t\t<div class=\"elementor-element elementor-element-35e7ad2 elementor-widget elementor-widget-image\" data-id=\"35e7ad2\" data-element_type=\"widget\" data-e-type=\"widget\" data-widget_type=\"image.default\">\n\t\t\t\t<div class=\"elementor-widget-container\">\n\t\t\t\t\t\t\t\t\t\t\t\t\t\t\t<img fetchpriority=\"high\" decoding=\"async\" width=\"1920\" height=\"1280\" src=\"https:\/\/fojo.se\/nykollega\/wp-content\/uploads\/sites\/4\/2024\/07\/infotraff.webp\" class=\"attachment-full size-full wp-image-24491\" alt=\"\" srcset=\"https:\/\/fojo.se\/nykollega\/wp-content\/uploads\/sites\/4\/2024\/07\/infotraff.webp 1920w, https:\/\/fojo.se\/nykollega\/wp-content\/uploads\/sites\/4\/2024\/07\/infotraff-300x200.webp 300w, https:\/\/fojo.se\/nykollega\/wp-content\/uploads\/sites\/4\/2024\/07\/infotraff-1024x683.webp 1024w, https:\/\/fojo.se\/nykollega\/wp-content\/uploads\/sites\/4\/2024\/07\/infotraff-768x512.webp 768w, https:\/\/fojo.se\/nykollega\/wp-content\/uploads\/sites\/4\/2024\/07\/infotraff-1536x1024.webp 1536w\" sizes=\"(max-width: 1920px) 100vw, 1920px\" \/>\t\t\t\t\t\t\t\t\t\t\t\t\t\t\t<\/div>\n\t\t\t\t<\/div>\n\t\t\t\t<div class=\"elementor-element elementor-element-dc4a8a0 elementor-widget elementor-widget-text-editor\" data-id=\"dc4a8a0\" data-element_type=\"widget\" data-e-type=\"widget\" data-widget_type=\"text-editor.default\">\n\t\t\t\t<div class=\"elementor-widget-container\">\n\t\t\t\t\t\t\t\t\t<div><p>Om du vill ha mer information eller har fr\u00e5gor om Ny Kollega kan du delta i v\u00e5ra informationstr\u00e4ffar som h\u00e5lls digitalt via Microsoft Teams vid tre tillf\u00e4llen den 10:e september.<\/p><p>Informationstr\u00e4ffarna h\u00e5lls vid f\u00f6ljande tider och du anm\u00e4ler dig via formul\u00e4ret nedan.\u00a0<\/p><\/div><ul><li><strong>Infotr\u00e4ff 1:<\/strong> 09:00-10:00\u202f\u00a0<\/li><li><strong>Infotr\u00e4ff 2:<\/strong>12:00-13:00\u202f\u00a0<\/li><li><strong>Infotr\u00e4ff 3:<\/strong> 18:00-19:00\u202f\u00a0<\/li><\/ul><p>Har du fr\u00e5gor kan du kontakta projektkoordinator Sara Karl\u00e9n p\u00e5 <a href=\"mailto:sara.karlen@lnu.se\">sara.karlen@lnu.se<\/a>.<\/p>\t\t\t\t\t\t\t\t<\/div>\n\t\t\t\t<\/div>\n\t\t\t\t\t<\/div>\n\t\t\t\t<\/div>\n\t\t<div class=\"elementor-element elementor-element-8a2d1d0 elementor-hidden-desktop elementor-hidden-laptop elementor-hidden-tablet elementor-hidden-mobile e-flex e-con-boxed e-con e-parent\" data-id=\"8a2d1d0\" data-element_type=\"container\" data-e-type=\"container\">\n\t\t\t\t\t<div class=\"e-con-inner\">\n\t\t\t\t<div class=\"elementor-element elementor-element-36e95eb elementor-widget elementor-widget-heading\" data-id=\"36e95eb\" data-element_type=\"widget\" data-e-type=\"widget\" data-widget_type=\"heading.default\">\n\t\t\t\t<div class=\"elementor-widget-container\">\n\t\t\t\t\t<h6 class=\"elementor-heading-title elementor-size-default\">Anm\u00e4lan till infotr\u00e4ff<\/h6>\t\t\t\t<\/div>\n\t\t\t\t<\/div>\n\t\t\t\t<div class=\"elementor-element elementor-element-5c8ad3b elementor-button-align-stretch elementor-widget elementor-widget-form\" data-id=\"5c8ad3b\" data-element_type=\"widget\" data-e-type=\"widget\" data-settings=\"{&quot;step_next_label&quot;:&quot;N\\u00e4sta&quot;,&quot;step_previous_label&quot;:&quot;F\\u00f6reg\\u00e5ende&quot;,&quot;button_width&quot;:&quot;100&quot;,&quot;step_type&quot;:&quot;number_text&quot;,&quot;step_icon_shape&quot;:&quot;circle&quot;}\" data-widget_type=\"form.default\">\n\t\t\t\t<div class=\"elementor-widget-container\">\n\t\t\t\t\t\t\t<form class=\"elementor-form\" method=\"post\" name=\"Intresseanm\u00e4lan infotr\u00e4ff sep 2025\" aria-label=\"Intresseanm\u00e4lan infotr\u00e4ff sep 2025\">\n\t\t\t<input type=\"hidden\" name=\"post_id\" value=\"104\"\/>\n\t\t\t<input type=\"hidden\" name=\"form_id\" value=\"5c8ad3b\"\/>\n\t\t\t<input type=\"hidden\" name=\"referer_title\" value=\"Informationstr\u00e4ff - Ny Kollega\" \/>\n\n\t\t\t\t\t\t\t<input type=\"hidden\" name=\"queried_id\" value=\"104\"\/>\n\t\t\t\n\t\t\t<div class=\"elementor-form-fields-wrapper elementor-labels-\">\n\t\t\t\t\t\t\t\t<div class=\"elementor-field-type-text elementor-field-group elementor-column elementor-field-group-name elementor-col-50 elementor-field-required\">\n\t\t\t\t\t\t\t\t\t\t\t\t<label for=\"form-field-name\" class=\"elementor-field-label elementor-screen-only\">\n\t\t\t\t\t\t\t\tF\u00f6rnamn\t\t\t\t\t\t\t<\/label>\n\t\t\t\t\t\t\t\t\t\t\t\t\t\t<input size=\"1\" type=\"text\" name=\"form_fields[name]\" id=\"form-field-name\" class=\"elementor-field elementor-size-md  elementor-field-textual\" placeholder=\"F\u00f6rnamn\" required=\"required\">\n\t\t\t\t\t\t\t\t\t\t\t<\/div>\n\t\t\t\t\t\t\t\t<div class=\"elementor-field-type-text elementor-field-group elementor-column elementor-field-group-field_9327338 elementor-col-50 elementor-field-required\">\n\t\t\t\t\t\t\t\t\t\t\t\t<label for=\"form-field-field_9327338\" class=\"elementor-field-label elementor-screen-only\">\n\t\t\t\t\t\t\t\tEfternamn\t\t\t\t\t\t\t<\/label>\n\t\t\t\t\t\t\t\t\t\t\t\t\t\t<input size=\"1\" type=\"text\" name=\"form_fields[field_9327338]\" id=\"form-field-field_9327338\" class=\"elementor-field elementor-size-md  elementor-field-textual\" placeholder=\"Efternamn\" required=\"required\">\n\t\t\t\t\t\t\t\t\t\t\t<\/div>\n\t\t\t\t\t\t\t\t<div class=\"elementor-field-type-email elementor-field-group elementor-column elementor-field-group-email elementor-col-100 elementor-field-required\">\n\t\t\t\t\t\t\t\t\t\t\t\t<label for=\"form-field-email\" class=\"elementor-field-label elementor-screen-only\">\n\t\t\t\t\t\t\t\tE-post\t\t\t\t\t\t\t<\/label>\n\t\t\t\t\t\t\t\t\t\t\t\t\t\t<input size=\"1\" type=\"email\" name=\"form_fields[email]\" id=\"form-field-email\" class=\"elementor-field elementor-size-md  elementor-field-textual\" placeholder=\"E-post\" required=\"required\">\n\t\t\t\t\t\t\t\t\t\t\t<\/div>\n\t\t\t\t\t\t\t\t<div class=\"elementor-field-type-html elementor-field-group elementor-column elementor-field-group-field_9a2ecd2 elementor-col-100\">\n\t\t\t\t\t<strong>Jag vill delta vid f\u00f6ljande tr\u00e4ff(ar) den 10\/9: <\/strong>\t\t\t\t<\/div>\n\t\t\t\t\t\t\t\t<div class=\"elementor-field-type-checkbox elementor-field-group elementor-column elementor-field-group-field_0385075 elementor-col-40\">\n\t\t\t\t\t\t\t\t\t\t\t\t<label for=\"form-field-field_0385075\" class=\"elementor-field-label elementor-screen-only\">\n\t\t\t\t\t\t\t\tTid\t\t\t\t\t\t\t<\/label>\n\t\t\t\t\t\t<div class=\"elementor-field-subgroup  \"><span class=\"elementor-field-option\"><input type=\"checkbox\" value=\"Infotr\u00e4ff 1: 09:00-10:00\u202f \" id=\"form-field-field_0385075-0\" name=\"form_fields[field_0385075][]\"> <label for=\"form-field-field_0385075-0\">Infotr\u00e4ff 1: 09:00-10:00\u202f <\/label><\/span><span class=\"elementor-field-option\"><input type=\"checkbox\" value=\"Infotr\u00e4ff 2: 12:00-13:00\u202f \" id=\"form-field-field_0385075-1\" name=\"form_fields[field_0385075][]\"> <label for=\"form-field-field_0385075-1\">Infotr\u00e4ff 2: 12:00-13:00\u202f <\/label><\/span><span class=\"elementor-field-option\"><input type=\"checkbox\" value=\"Infotr\u00e4ff 3: 18:00-19:00\u202f \" id=\"form-field-field_0385075-2\" name=\"form_fields[field_0385075][]\"> <label for=\"form-field-field_0385075-2\">Infotr\u00e4ff 3: 18:00-19:00\u202f <\/label><\/span><\/div>\t\t\t\t<\/div>\n\t\t\t\t\t\t\t\t<div class=\"elementor-field-group elementor-column elementor-field-type-submit elementor-col-100 e-form__buttons\">\n\t\t\t\t\t<button class=\"elementor-button elementor-size-sm\" type=\"submit\">\n\t\t\t\t\t\t<span class=\"elementor-button-content-wrapper\">\n\t\t\t\t\t\t\t\t\t\t\t\t\t\t\t\t\t\t\t\t\t\t<span class=\"elementor-button-text\">Skicka<\/span>\n\t\t\t\t\t\t\t\t\t\t\t\t\t<\/span>\n\t\t\t\t\t<\/button>\n\t\t\t\t<\/div>\n\t\t\t<\/div>\n\t\t<\/form>\n\t\t\t\t\t\t<\/div>\n\t\t\t\t<\/div>\n\t\t\t\t\t<\/div>\n\t\t\t\t<\/div>\n\t\t\t\t<\/div>\n\t\t","protected":false},"excerpt":{"rendered":"<p>Informationstr\u00e4ffar Informations-tr\u00e4ffar Ans\u00f6kan till \u00e5rets omg\u00e5ng av Ny Kollega \u00e4r nu \u00f6ppen Datum f\u00f6r informationstr\u00e4ffar inf\u00f6r \u00e5rets omg\u00e5ng av Ny Kollega har nu passerat. V\u00e4lkommen att l\u00e4sa mer i fliken Fr\u00e5gor och svar. Du kan ocks\u00e5 kontakta projektsamordnare Sara.Karlen@lnu.se direkt f\u00f6r att f\u00e5 svar p\u00e5 dina fr\u00e5gor.\u00a0 Till ans\u00f6kan Ans\u00f6kan till \u00e5rets omg\u00e5ng av Ny [&hellip;]<\/p>\n","protected":false},"author":2,"featured_media":0,"parent":0,"menu_order":2,"comment_status":"closed","ping_status":"closed","template":"","meta":{"_monsterinsights_skip_tracking":false,"_monsterinsights_sitenote_active":false,"_monsterinsights_sitenote_note":"","_monsterinsights_sitenote_category":0,"footnotes":""},"class_list":["post-104","page","type-page","status-publish","hentry"],"_links":{"self":[{"href":"https:\/\/fojo.se\/nykollega\/wp-json\/wp\/v2\/pages\/104","targetHints":{"allow":["GET"]}}],"collection":[{"href":"https:\/\/fojo.se\/nykollega\/wp-json\/wp\/v2\/pages"}],"about":[{"href":"https:\/\/fojo.se\/nykollega\/wp-json\/wp\/v2\/types\/page"}],"author":[{"embeddable":true,"href":"https:\/\/fojo.se\/nykollega\/wp-json\/wp\/v2\/users\/2"}],"replies":[{"embeddable":true,"href":"https:\/\/fojo.se\/nykollega\/wp-json\/wp\/v2\/comments?post=104"}],"version-history":[{"count":85,"href":"https:\/\/fojo.se\/nykollega\/wp-json\/wp\/v2\/pages\/104\/revisions"}],"predecessor-version":[{"id":24907,"href":"https:\/\/fojo.se\/nykollega\/wp-json\/wp\/v2\/pages\/104\/revisions\/24907"}],"wp:attachment":[{"href":"https:\/\/fojo.se\/nykollega\/wp-json\/wp\/v2\/media?parent=104"}],"curies":[{"name":"wp","href":"https:\/\/api.w.org\/{rel}","templated":true}]}}